 456.
53
Suppose -2769 = 37*w - 50*w. Calculate the remainder when w is divided by 103.
7
Suppose 0 = -14*i + 42*i - 24808. Let y = i - 830. Calculate the remainder when 163 is divided by y.
51
Suppose s - 6*s + 4*r = -16, -3*r = -3. Suppose -14*b + 50 = -s*b. What is the remainder when 29 is divided by b?
4
Let z(n) = -n**3 + 9*n**2 + n - 11. Let l be z(9). What is the remainder when ((-336)/756)/(5/(-675)) is divided by 1 + (-1 - l)*15?
12
Suppose 10 = -4*v + 30. Suppose -v*c + i = -3*i, 2*c + 7 = 3*i. Suppose c*k - 126 = -42. What is the remainder when 82 is divided by k?
19
Let v = 95 + -46. Suppose -39*u - 387 + 1467 = 27. What is the remainder when v is divided by u?
22
Let l = -377 - -415. Suppose l*x - 28860 = -14*x. Calculate the remainder when x is divided by 93.
90
Suppose 0 = 5*r + 3*q - 11, 3*r = -42*q + 43*q + 1. Calculate the remainder when 54 is divided by r.
0
Let q(x) = 139*x - 1104. Suppose -3*j + 191 = -22. Calculate the remainder when j is divided by q(8).
7
Let w = 5402 + -5332. Calculate the remainder when 616 is divided by w.
56
Let f = -49 - -98. Let k(m) = -m**2 + 29*m + 12. What is the remainder when k(6) is divided by f?
3
Suppose -5*l = 2*v - 3899, 3*l = -0*v + 3*v + 2331. Let c = 740153 - 740114. What is the remainder when l is divided by c?
38
What is the remainder when 1747 is divided by (2431/(-1309))/(-2*(-2)/(-84))?
31
Let q be (40/(-50))/(2/(-105)). What is the remainder when 179/7 + (-24)/q is divided by ((-20)/(-6))/(7 + (-366)/54)?
10
Calculate the remainder when 45 is divided by 13 - (6 - -1) - (-6 - -4).
5
Let i = 32 + -30. Let o be ((-3)/4)/(1/16). Let r = i - o. Calculate the remainder when 25 is divided by r.
11
Suppose -9416 = -s + 5*l, 2*s = -149*l + 156*l + 18844. What is the remainder when s is divided by 33?
31
What is the remainder when 566 is divided by (-140)/(-56) - (-355)/10?
34
Suppose 9*a - 13*a = -2*b - 6, 3*b + 3*a = 18. Let r(k) = -k**3 - 6*k**2 - 7*k - 5. Calculate the remainder when r(-6) is divided by b.
1
Let h(a) = 289*a - 33. Suppose 211*s = 206*s + 5. Calculate the remainder when h(s) is divided by 86.
84
Let h = 18819 + -18304. What is the remainder when h is divided by 138?
101
Let l(z) = 14*z + 94. Calculate the remainder when l(4) is divided by 1/((-1)/(76/(-2))).
36
Let t(m) = -m**2 - 6*m - 15. Let l be (3 + (-22)/10)*-10. Let r be t(l). Let v = r - -41. What is the remainder when v is divided by 6?
4
Suppose 4*x = 16, -3*g = 2*g + 4*x - 361. Suppose 5*u - g = -2*i - 30, 0 = 2*u + 2. Calculate the remainder when i is divided by 10 + (-1 - (3 - 0)).
4
Suppose 2*m + 5*i - 320 = 0, 122*m = 117*m + 2*i + 800. Calculate the remainder when 250 is divided by m.
90
Let i = -31 - -22. Let g be (-12)/i*(0 + -3)*-1. Suppose 3*t - t = 5*b - 82, 4*t = g*b - 68. Calculate the remainder when 45 is divided by b.
13
Suppose 19 = -2*k - 3*l, -4*l + 276 = 2*k + 304. What is the remainder when 1072 is divided by k?
0
Suppose -150 = -5*s - 3*x, 2*s + 2*x + 0*x = 60. Let u be (0 + 0 - 27)*(-10)/s. Let m = u - -12. What is the remainder when m is divided by 5?
1
Calculate the remainder when 1051 is divided by -3*(-20)/(-15) - 651/(-31).
14
Suppose 5*z + 377 = 4*f, -46*f - 186 = -48*f + 2*z. What is the remainder when 509 is divided by f?
69
Suppose 10*w - 10*w = -11*w. Suppose w = -36*c + 31*c + 200. Calculate the remainder when c is divided by 9.
4
Let c = 49 - 21. Let p(b) = b + 41. Let x be p(14). Suppose -2*a + 221 - x = 0. What is the remainder when a is divided by c?
27
Suppose 3*q - q - 8 = 0, r = -3*q + 18. Suppose r*j = -5*j + 1463. What is the remainder when j is divided by 15?
13
Let c = 266 - 477. Let k = c + 215. Calculate the remainder when 45 is divided by k.
1
Suppose -5*h = -3845 + 635. What is the remainder when 4 + (-2)/((-12)/h) is divided by 28?
27
Let r(p) = -14*p - 29. Let l be r(-3). Suppose -l*j = -12*j + 5. Let w = j + 86. What is the remainder when w is divided by 21?
18
Let m(r) = 3*r**3 + 3*r**2 - 10*r + 14. What is the remainder when 531 is divided by m(2)?
21
Suppose 4*g + g + 4*o = 55, g + o = 10. Calculate the remainder when (-1 - (-2)/(-2)) + g is divided by ((-2)/(-9))/((-33)/(-594)).
1
Suppose -5*b = 5*h - 13 + 58, 0 = -h + 5*b + 3. What is the remainder when 18/(h*10/(-175)) is divided by 26?
19
Let g(d) = 2*d**2 - 677*d - 41441. What is the remainder when g(-53) is divided by (-1)/(-4) + 62/8?
2
Suppose 0 = -4*v + 5*j + 88, -4*v - 2*j = -6*v + 46. What is the remainder when 321 is divided by v?
24
Let t = -388 + 399. Suppose r + 3*o = 10, -r - o + 7 = -t. What is the remainder when r is divided by 2?
0
Suppose 4*v - 8*v + 6 = -z, 0 = 3*v - 6. Suppose 4*y + 5*a = 35, 4*y - z*a - 39 = 31. What is the remainder when 53 is divided by y?
8
Suppose 0 = -3*p - 56 + 311. Let b = -154 - -162. Suppose 3*i + 220 = b*i. What is the remainder when p is divided by i?
41
Calculate the remainder when (1232/10)/(86/430) is divided by 69.
64
Let d(u) be the second derivative of -u**3/2 - 10*u**2 + 3*u + 16. What is the remainder when 79 is divided by d(-22)?
33
Let c = -55 + 64. Suppose -6*v - 80 = -4*z - c*v, 40 = 2*z + 5*v. Calculate the remainder when 94 is divided by z.
14
Let k(l) = -2*l**3 - 50*l**2 + 48*l - 98. Let p(i) = i**2 - 10*i + 19. What is the remainder when p(9) is divided by k(-26)?
4
Let m = 19984 - 19878. What is the remainder when 8475 is divided by m?
101
Suppose 0 = -5*u + 2*p + 45, -23*p + 19*p = 3*u - 53. What is the remainder when u is divided by (-4)/16 - (-132)/16?
3
Suppose 3*b + 4*d - 88 = 168, 254 = 3*b + 5*d. Calculate the remainder when 230 is divided by b.
54
Let m(s) = 54*s + 4895. What is the remainder when m(0) is divided by 204?
203
Suppose g - 4*s - 1003 - 200 = 0, -5*s + 15 = 0. Suppose k - g = 10*k. Let x = k + 227. What is the remainder when x is divided by 24?
20
Calculate the remainder when 192 is divided by (-510)/(-1360) - 429/(-8).
30
Let b = 279 + -277. Calculate the remainder when 881 is divided by b.
1
Let n(a) = -a**3 - 8*a**2 - 94*a - 620. Calculate the remainder when 2371 is divided by n(-8).
127
Let v = -2308 - -3105. Calculate the remainder when v is divided by 47.
45
Suppose 2*v - 680 = 3*q, 4*v + 153 = -4*q + 1473. Suppose v = 26*h - 30. What is the remainder when 133 is divided by h?
7
Suppose 0 = 23*u - 331 - 773. Suppose 0 = 14*w - 22*w + u. What is the remainder when 13 is divided by w?
1
Let b = -34 - -116. What is the remainder when b is divided by -4 - (1 + -2 + -10)?
5
Let c(h) = 23*h + 59. Let g be c(-34). Let m = 856 + g. Calculate the remainder when m is divided by 34.
31
Let x be (4*(-1)/(-1))/(2/12). Suppose c - 36 = -4*j - 0*j, 5*j - x = 4*c. Let g(r) = -r**2 + 8*r + 5. What is the remainder when 22 is divided by g(j)?
2
Let f(a) = -a**2 + 11*a - 14. Let r be f(5). Suppose 0 = -r*z + 420 + 860. What is the remainder when z is divided by 33?
14
Let c be (-1426)/(-22) - (0 - 6/33). Let o = c - 42. Suppose 12*n = s + 14*n - 216, 2*s = -2*n + 422. Calculate the remainder when s is divided by o.
22
Suppose 168*v + 56*v - 38528 = 0. What is the remainder when 1861 is divided by v?
141
Let k(x) = -x**3 + 5*x**2 + 21*x - 16. What is the remainder when (-3)/(-1)*(41 + 2) is divided by k(7)?
30
What is the remainder when 1123 is divided by 124/6*8/(-48)*(1 + -10)?
7
Let k = 3188 - -947. Calculate the remainder when k is divided by 47.
46
Suppose 0 = 3*j + 2*k - 59 - 522, -3*j + 577 = -2*k. What is the remainder when j is divided by 4?
1
Let y(c) = -c**2 + 4*c + 6. Let x be y(4). What is the remainder when (332*1)/(2/1) is divided by 5/(90/84)*x?
26
Let d(x) = x**3 - 4*x**2 - 24*x - 6. Let m be d(-3). Suppose -4*y = -4, 11 = 2*g - 2*y - m*y. Calculate the remainder when 286 is divided by g.
6
Let d(c) = 56*c**2 + 4*c - 4. Let x be d(2). Let t = 13 - 9. Suppose -5*q + 184 = 3*n, 4*q - x = -t*n + 6*q. What is the remainder when n is divided by 19?
1
Let r(v) = 175*v + 4 + v**2 + 175*v - 358*v. What is the remainder when r(-7) is divided by 34?
7
Suppose -5*g - 6*n = -4*n - 1109, 629 = 3*g - 4*n. What is the remainder when 2198 is divided by g?
8
Let b(a) = 42*a**2 - 4*a + 11. What is the remainder when b(3) is divided by 168?
41
Let b(t) = -t**3 - 2*t**2 + 2*t - 1. Let m be b(-3). What is the remainder when 232 is d